282 + w. Suppose o + 62 = l. What is the greatest common divisor of 19 and o?
19
Suppose 9 + 15 = 4*n. Suppose -61 = -5*c - n. Calculate the highest common factor of c and 55.
11
Suppose -85 = -5*t + 5*w, 4*t + 7*w - 5*w - 74 = 0. Let g(x) = 2*x + 4. Let o be g(-3). Let n = o - -92. Calculate the highest common factor of t and n.
18
Let y(l) = l**2 + 5*l + 8. Let c be y(-7). Calculate the greatest common divisor of c and 11.
11
Suppose 0 = -z - 2*z + 21. Let p be 1/(-1) - -5*3. Calculate the highest common factor of z and p.
7
Suppose -4*k = -r - 13 + 38, -5*r = -3*k - 74. Suppose 3*q - 14 = r. What is the highest common divisor of q and 81?
9
Let c be (-112 + 0)*7/(-14). Calculate the highest common factor of c and 28.
28
Suppose -6*z + 3*z + 5 = 2*h, -2 = 2*z. Calculate the greatest common divisor of h and 32.
4
Let r be (42/4)/1*2. Let h(d) = -d - 2. Let y(w) = -2*w + 7. Let x be y(6). Let z be h(x). Calculate the greatest common divisor of z and r.
3
Let g = -8 - -16. Suppose 0 = j - i + 3*i - 13, -3*j - 5*i = -35. Suppose -j*l - 5 = -25. Calculate the greatest common divisor of g and l.
4
Suppose 0 = -c + 31 - 0. Suppose c = 5*p - 69. Let w = -11 + p. What is the highest common divisor of 90 and w?
9
Let r = -120 - -125. What is the greatest common divisor of r and 25?
5
Let b = 163 + 618. What is the highest common divisor of 71 and b?
71
Let b = -7 + 7. Let k(i) = 3*i**2 - 4*i**2 + b*i**2 - 2 + 11*i. Let x be k(9). What is the greatest common divisor of 128 and x?
16
Let n(g) = -g + 1. Let s be n(-1). Suppose 165 = s*o - o. Calculate the highest common factor of 15 and o.
15
Suppose 3*f + 5*v - 35 = 0, -f + 2*v = -2*v - 6. Calculate the greatest common divisor of 10 and f.
10
Suppose 8 = 3*b - 2*w, 1 = -2*b + 3*w - 2. Let a be (2 + (-9)/b)*30. Calculate the highest common divisor of 135 and a.
15
Suppose 4*p - 2*c - 102 = 0, -5*c - 15 = -0*c. Calculate the highest common factor of p and 56.
8
Let y = 17 + -12. Suppose -y*s - 1 = -2*w, 47 - 12 = 4*w + s. What is the greatest common divisor of 12 and w?
4
Suppose 0*c + 42 = -2*c. Let w = 37 + c. Suppose 3*x = -u + 28, -x + w = -0*u - 3*u. What is the highest common factor of x and 50?
10
Let r be 72*(3/3 + 0). Suppose 10*g = 5*g - 3*p + 114, -2*p = 4*g - 90. Let o = g - 12. What is the highest common divisor of r and o?
9
Let g(r) = r**2 + 3*r - 2. Let i be g(-5). What is the greatest common divisor of i and 12?
4
Let o(l) = -16*l - 2. Let h be o(-1). What is the greatest common divisor of h and 7?
7
Let k = 8 - 3. Let x(f) = -f**3 + 8*f**2 - 5*f - 6. Let l be x(k). Let j(a) = a - 6. Let y be j(10). What is the greatest common factor of l and y?
4
Suppose w + 0*y - 80 = 3*y, -y = 4*w - 307. Calculate the highest common divisor of w and 11.
11
Let b = 36 - 14. What is the highest common divisor of b and 198?
22
Let z = -4 + 1. Let g = 11 + z. What is the greatest common divisor of 56 and g?
8
Let k be -1 + (-1 - -2)*1. Suppose 5*n - i - 386 = k, -2*i + 230 = 3*n - i. Let b = 14 - 3. Calculate the highest common divisor of b and n.
11
Suppose -25 = -k - 0*k + 4*u, -2*k - 3*u - 5 = 0. What is the highest common factor of 25 and k?
5
Suppose 35*a - 380 = 33*a. Calculate the greatest common divisor of 10 and a.
10
Suppose 42 = -3*y + 90. Calculate the greatest common factor of y and 1.
1
Let z be ((-6)/(-8))/((-2)/64). Let n be z/(2/4 + -2). Suppose -4*r - 9 = 4*t + 3, -4*r - n = 0. Calculate the greatest common factor of 1 and t.
1
Suppose 3*w = -7 - 8. Let o = w + 10. Suppose -z + o*c + 49 = 2, -5 = c. Calculate the greatest common factor of 2 and z.
2
Suppose -5*h - 27 = 3*l, -3*h - 5*l = -4*l + 13. Let v(y) = -y - 9. Let w be v(-14). Let a be (-13 - h)*(-24)/w. Calculate the highest common factor of a and 6.
6
Suppose 3*d - 5 - 7 = 0. Suppose 50 = d*n + n. Calculate the greatest common divisor of n and 5.
5
Let o be (471/6)/((-1)/(-2)). Let x = 301 - o. Calculate the greatest common factor of x and 16.
16
Let d = -1 + 6. Suppose 29 = d*o - 251. Suppose -38 = -4*b + 5*k, 0 = 4*k + 8. Calculate the highest common divisor of o and b.
7
Suppose 559 = z + 111. Calculate the highest common factor of z and 56.
56
Let l(d) = d**3 + 4*d**2 + 3. Let s be l(-4). Suppose 2 = -5*a - s. Let c(j) = -24*j + 1. Let r be c(a). Calculate the greatest common factor of 10 and r.
5
Suppose -10*f + 5*f + 25 = 0. What is the greatest common divisor of 40 and f?
5
Suppose 0 = -u - 4*o - 1, 4*u - 49 = u + o. Let j be u/20*8/2. Suppose 6*b - 429 = j*b. Calculate the highest common divisor of 13 and b.
13
Let o be 20/(-35) + (-369)/(-21). Suppose 2*i + 1 = o. Calculate the highest common divisor of 1 and i.
1
Let u(o) = o**2 - 8*o + 8. Let k be u(6). Let c(p) = -p - 2. Let j be c(k). Calculate the greatest common divisor of j and 2.
2
Let x be (-2 + 3)*(6 - -1). Let f = 213 - 157. What is the greatest common factor of f and x?
7
Suppose 0 = -3*m + 15 + 42. What is the highest common factor of 152 and m?
19
Let b be (-387)/36 + 3/4. Let d be (-1)/2*(b - -8). What is the highest common factor of 7 and d?
1
Suppose -78 + 6 = -3*v. Suppose -4*c + 35 = -4*q - 25, -5*q = -2*c + 42. Let u = c - 5. What is the greatest common divisor of v and u?
6
Let k = 15 + 6. Let q = 11 + -6. Let w = q - 2. What is the greatest common divisor of w and k?
3
Let k(b) = -9*b. Let j be -3 + -1 - 1 - 2. Let d be k(j). Calculate the greatest common factor of d and 21.
21
Suppose 3*f - 30 = -0*f. Let p = 34 - f. What is the greatest common factor of p and 24?
24
Let p be 4/(-3 - 5)*1778. Let d be (-2)/(-8) - p/28. What is the highest common factor of 8 and d?
8
Let i be (-6)/8 + ((-1039)/(-4) - -1). Calculate the highest common divisor of 104 and i.
52
Let b be 10/6*1*36. Calculate the greatest common divisor of b and 12.
12
Suppose 0 = 2*a - 3*c - 2*c - 7, c + 17 = 3*a. Suppose 3*u - 34 = 5*l, 2*u + l + 17 = a*u. Suppose 5*j - 113 = -8. What is the highest common factor of j and u?
3
Let f(c) = 3*c**2 - 3 + 1 - 4*c**3 + 3*c**3. Let k be f(2). Suppose 34 = n + 3*g - 2, 4*g = -k*n + 70. Calculate the greatest common divisor of n and 3.
3
Suppose 2*g = 2*k - g - 4, 4*g = -3*k + 40. Calculate the highest common divisor of 16 and k.
8
Let b(l) be the first derivative of -23*l**4/4 + l**3/3 - l**2/2 - l - 3. Let y be b(-1). Let o = y + 10. Calculate the highest common divisor of o and 17.
17
Let v = -9 - -6. Let i be (2/(-4))/(v/48). Suppose -4*q + 111 = -p, -q = p - i - 21. Calculate the highest common factor of q and 42.
14
Suppose 0 = m - 0 + 1, g = -2*m - 17. Let s be g*12/(-9) + -1. Calculate the highest common factor of s and 57.
19
Suppose 3*s + 15 = 0, -37 - 41 = -2*k + 2*s. What is the highest common factor of 17 and k?
17
Let p(q) = 5*q**2 + 3*q - 2. Let i be p(-6). Let c = i + -88. What is the greatest common factor of c and 9?
9
Let z(r) = 37*r - 30. Let d be z(8). Calculate the greatest common factor of d and 14.
14
Let m(g) = -g**3 + 6*g**2 - 5*g + 2. Let j be m(4). Let k(i) = -i**3 + 8*i**2 + i - 14. Let n be k(7). Calculate the highest common factor of n and j.
14
Suppose 2*a - 5*u = 36, 3*a + 0*u - 12 = -3*u. What is the greatest common divisor of 1 and a?
1
Suppose 5*q - 72 = -4*d, -2*q + 2*d - 4*d = -28. Suppose k + 2*j = q, -2*k + j + 13 = k. What is the highest common divisor of 3 and k?
3
Let u = -25 - -109. Calculate the highest common factor of u and 12.
12
Let z = -77 + 83. Calculate the highest common divisor of z and 96.
6
Suppose -5*j + 31 = h - 16, 31 = 4*j + 3*h. Calculate the greatest common factor of j and 70.
10
Let b be (1 - 2)*-6 - -2. Let f(a) = -14*a - 2. Suppose -c - 6 = c. Let t be f(c). What is the highest common factor of b and t?
8
Suppose v - 4*v = -456. Suppose -4*n = -v - 28. What is the greatest common factor of n and 5?
5
Suppose 2*q - 39 = 19. Suppose -h + 88 = -q. What is the greatest common divisor of 13 and h?
13
Let d be (3 - -1)*13/4. Let v = -170 + 274. What is the greatest common divisor of d and v?
13
Suppose -20 = 6*f - f, -j - f + 4 = 0. Let h be ((-171)/(-2))/(4/j). Calculate the greatest common factor of h and 19.
19
Let t = 1 - -4. Let b be (-12)/18 - (-244)/6. What is the greatest common divisor of b and t?
5
Suppose 60 = 2*j - 3*v, -v = 5*j + 2*v - 150. Calculate the greatest common